{"version":"1.0","provider_name":"Ereb","provider_url":"https:\/\/ereb.eu\/fr\/","title":"N\u00b02 - De l'eau et des armes - Ereb","type":"rich","width":600,"height":338,"html":"<blockquote class=\"wp-embedded-content\" data-secret=\"M780Szv5QK\"><a href=\"https:\/\/ereb.eu\/fr\/newsletters\/de-leau-et-des-armes\/\">N\u00b02 &#8211; De l&#8217;eau et des armes<\/a><\/blockquote><iframe sandbox=\"allow-scripts\" security=\"restricted\" src=\"https:\/\/ereb.eu\/fr\/newsletters\/de-leau-et-des-armes\/embed\/#?secret=M780Szv5QK\" width=\"600\" height=\"338\" title=\"&#8220;N\u00b02 &#8211; De l&#8217;eau et des armes&#8221; &#8212; Ereb\" data-secret=\"M780Szv5QK\" frameborder=\"0\" marginwidth=\"0\" marginheight=\"0\" scrolling=\"no\" class=\"wp-embedded-content\"><\/iframe><script>\n\/*! This file is auto-generated *\/\n!function(d,l){\"use strict\";l.querySelector&&d.addEventListener&&\"undefined\"!=typeof URL&&(d.wp=d.wp||{},d.wp.receiveEmbedMessage||(d.wp.receiveEmbedMessage=function(e){var t=e.data;if((t||t.secret||t.message||t.value)&&!\/[^a-zA-Z0-9]\/.test(t.secret)){for(var s,r,n,a=l.querySelectorAll('iframe[data-secret=\"'+t.secret+'\"]'),o=l.querySelectorAll('blockquote[data-secret=\"'+t.secret+'\"]'),c=new RegExp(\"^https?:$\",\"i\"),i=0;i<o.length;i++)o[i].style.display=\"none\";for(i=0;i<a.length;i++)s=a[i],e.source===s.contentWindow&&(s.removeAttribute(\"style\"),\"height\"===t.message?(1e3<(r=parseInt(t.value,10))?r=1e3:~~r<200&&(r=200),s.height=r):\"link\"===t.message&&(r=new URL(s.getAttribute(\"src\")),n=new URL(t.value),c.test(n.protocol))&&n.host===r.host&&l.activeElement===s&&(d.top.location.href=t.value))}},d.addEventListener(\"message\",d.wp.receiveEmbedMessage,!1),l.addEventListener(\"DOMContentLoaded\",function(){for(var e,t,s=l.querySelectorAll(\"iframe.wp-embedded-content\"),r=0;r<s.length;r++)(t=(e=s[r]).getAttribute(\"data-secret\"))||(t=Math.random().toString(36).substring(2,12),e.src+=\"#?secret=\"+t,e.setAttribute(\"data-secret\",t)),e.contentWindow.postMessage({message:\"ready\",secret:t},\"*\")},!1)))}(window,document);\n\/\/# sourceURL=https:\/\/ereb.eu\/wp-includes\/js\/wp-embed.min.js\n<\/script>\n","description":"Simon est un militant \u00e9cologiste belge. Le\u00a025\u00a0mars, il a particip\u00e9 comme des milliers de personnes\u00a0 \u00e0 un rassemblement de deux jours \u00e0 Sainte-Soline, en France pour emp\u00eacher la construction d\u2019une m\u00e9ga-bassine, un immense r\u00e9servoir d\u2019eau de 628\u00a0000m3. La\u00a0manifestation a \u00e9t\u00e9 tr\u00e8s fortement r\u00e9prim\u00e9e \u2013 plus de 5000\u00a0grenades ont \u00e9t\u00e9 lanc\u00e9es\u00a0\u2013, faisant 47\u00a0bless\u00e9\u00b7e\u00b7s c\u00f4t\u00e9 gendarmes et 200\u00a0c\u00f4t\u00e9 manifestant\u00b7e\u00b7s, dont 40\u00a0graves. Puis mercredi 21\u00a0juin, le gouvernement fran\u00e7ais a dissout les\u00a0Soul\u00e8vements de la Terre, l'une des organisations \u00e0 l'origine du rassemblement. En\u00a0venant \u00e0 Sainte-Soline, Simon consid\u00e8re qu\u2019il a particip\u00e9 \u00e0 une \u00e9tape tr\u00e8s importante du mouvement \u00e9cologiste."}

Simon est un militant écologiste belge. Le 25 mars, il a participé comme des milliers de personnes  à un rassemblement de deux jours à Sainte-Soline, en France pour empêcher la construction d’une méga-bassine, un immense réservoir d’eau de 628 000m3. La manifestation a été très fortement réprimée – plus de 5000 grenades ont été lancées –, faisant 47 blessé·e·s côté gendarmes et 200 côté manifestant·e·s, dont 40 graves. Puis mercredi 21 juin, le gouvernement français a dissout les Soulèvements de la Terre, l'une des organisations à l'origine du rassemblement. En venant à Sainte-Soline, Simon considère qu’il a participé à une étape très importante du mouvement écologiste.
